ne c(y).
-1
Let t be 14/4 - (-12)/24. Let x(i) = -245*i + 247*i - 10 + t. Determine x(5).
4
Let y(r) be the first derivative of 4*r**3/3 - 7*r**2/2 - r + 521. Determine y(-1).
10
Let r(g) = -3*g + 3. Suppose -404 = -3*b - t, -4*t + 16 = -4. Let y = b + -127. Determine r(y).
-15
Let j(d) be the second derivative of -d**4/12 - 2*d**3/3 - 33*d**2/2 + 32*d. Let f(s) be the first derivative of j(s). Let w = 16 - 20. Give f(w).
4
Let c(t) = 33*t**3 - t**2 - 4*t**2 - 5 - 8 + 16*t**2 + 15*t - 34*t**3. Let h be 142/12 + 2/12. Determine c(h).
23
Let f(q) = q**2 + 11*q + 11. Let h = -5157 + 5153. Calculate f(h).
-17
Let q(n) = 5*n**2 - 4*n - 1. Let i(b) = -12*b**2 + 3*b - 4. Let r(o) = i(o) + 2*q(o). Let g = -17 + 12. What is r(g)?
-31
Let c be 5/10*(-10 - (10 + 4)). Let p(d) = -d - 1. Calculate p(c).
11
Let s(d) = -d**3 + 40*d**2 - 31*d + 121. Let n(o) = 2*o**3 - 86*o**2 + 62*o - 246. Let p(a) = -2*n(a) - 5*s(a). Determine p(27).
-5
Let d = -2279 - -2278. Let l(w) = -22*w - 4. Let v(f) = 2*f + 1. Let u(h) = l(h) + 4*v(h). Determine u(d).
14
Let a(h) = -5*h - 10 + 50 - 36 - 28. What is a(-13)?
41
Let a(q) = 24*q - 6 + 30*q + 25*q + 20*q + q**2 - 115*q. Calculate a(5).
-61
Suppose -2*b + 4 + 4 = 0. Let o(h) = -h**2 + 7*h + 3. Let a(m) = -9 - 1 - m - m + 9. Let z(j) = -3*a(j) - o(j). Give z(b).
12
Let s(p) be the third derivative of -31*p**4/24 - 545*p**2. Let x = -7 + 8. Calculate s(x).
-31
Let a be (-2)/((-4)/(-30))*27/45. Let p(r) = 2*r + 5. Let m(x) = 1. Let i(c) = -2*m(c) - p(c). Determine i(a).
11
Let s(w) be the second derivative of 1/6*w**3 + 0*w**2 + 71*w + 0. Give s(-6).
-6
Let h(a) = 3*a + 6. Let n(l) = 14*l + 75. Let z(r) = -9*h(r) + n(r). Give z(6).
-57
Let s(a) = -a**3 - a**2 + 3*a + 2. Let h(l) = -l**2 + 2*l + 2. Let d be h(3). Let m = -534 + 534. Let z be d*(5 + -1 + -1) - m. What is s(z)?
11
Let s = -18817 - -18887. Let m(i) = i**2 + 5*i + 2. Let w be m(-5). Let j(c) = -w*c - 66 - c**2 - 3*c + s. What is j(-7)?
-10
Let g(t) = -31*t**3 + 58*t**2 - t + 7. Let n be g(2). Let m(d) = -d**3 - 12*d**2 + 2. Give m(n).
-119
Suppose 6*t + 1 = 5*t, 7 = 2*c + 3*t. Let g(z) be the second derivative of -z - 1/20*z**c - 2/3*z**4 - 7/6*z**3 - 4*z**2 + 0. Give g(-7).
-8
Suppose 2*m + 10 = 10. Let y(r) = m*r**2 - 12880 + 12881 - r - r**2. Let i = -6 - -3. Calculate y(i).
-5
Let g(t) = 2*t**2 + 3. Let s(m) = -2*m**2 - 4. Let l(k) = 3*g(k) + 2*s(k). Let v(b) = -3*b**2 - 2. Let n(c) = 8*l(c) + 5*v(c). Let y = 62 + -60. Give n(y).
2
Suppose -20*v - 7*v = -216. Let r(i) = -16*i. Let o(b) = 42*b. Let w(q) = v*r(q) + 3*o(q). Let j(s) = -s**2 + 9*s - 9. Let y be j(7). What is w(y)?
-10
Suppose 0 = 2*y - 3*r + 32, 3*y - 52*r + 56*r = -48. Let v(u) = -u**3 - 14*u**2 + 34*u + 35. Give v(y).
3
Let d(w) = w - 6. Let b(v) = 23*v - v**2 - 2 - 37 + 0*v**2. Let i be b(21). Suppose 0 = -i*u - u - k, k = u. Determine d(u).
-6
Suppose -20 = -5*z - 5*a, 1 = 2*z - 92*a + 87*a. Let v(o) be the second derivative of 0*o**2 + 0 + 0*o**z + 6*o - 2/3*o**4. Calculate v(-1).
-8
Let i(l) = 5*l**2 - l**3 - 5*l**2 + 16 + 11*l + 2*l**2 + 9*l**2. Suppose -j - 263 = -275. Let t be i(j). Let x(b) = -b**2 + 2*b - 2. Determine x(t).
-10
Let p(v) = v**2 - v - 1. Let q = -4 - -3. Let y = 2254 - 2256. Let g(w) = 2*w**2 - 1. Let b(t) = q*g(t) + y*p(t). Calculate b(-2).
-17
Suppose -96 = -3*p + 5*z - 74, -2*p = 4*z - 44. Let j(f) be the second derivative of 1/20*f**5 - p*f + 2*f**2 - 5/12*f**4 + 1/6*f**3 + 0. Calculate j(4).
-8
Suppose 3*j + 56 = 581*n - 586*n, 0 = -5*j - n - 42. Let d(k) = -1 + k**2 + 6*k + 2 - 4. Give d(j).
4
Let n = -96 + 94. Let t be 3/n*(16/3 + -8). Let l(b) = -2*b + 5. Calculate l(t).
-3
Let x(w) = -w**3 + w**2 + 4*w. Let p(f) = f**3 + 6*f**2 - 9*f + 65. Let h be p(-8). Suppose 5*g - 5 = -30, -5*t - 2*g = -50. Let z = t - h. Give x(z).
-6
Let q(f) = -f + 6. Let o(p) = -1. Let j(z) = 4*o(z) + q(z). Suppose 2682 = 84*l + 22*l - 553*l. Give j(l).
8
Let g(h) = 10 + 1251*h + 1286*h - 2526*h + 4*h**2. Calculate g(-2).
4
Let q(n) be the first derivative of -17*n**2 - 6*n - 918. Calculate q(3).
-108
Let l(v) be the third derivative of 2*v**5/15 + v**4/4 - 5*v**3/6 + 2156*v**2. Give l(1).
9
Let n(j) = -7*j + 16. Let k be n(4). Let d be (-2)/49*-7 + k/(-7). Let l(p) = -p**d + 8 - p + p + p + 5*p. Calculate l(6).
8
Suppose -458*r = -491*r + 132. Let n(v) be the first derivative of 2*v**3/3 - 2*v**2 + v - 3. Determine n(r).
17
Suppose -22 = w - 3*a, 4*a + 27 = -w + 8*a. Let b(k) = 9 + 0 + k + 3*k. Determine b(w).
-19
Let m = -10 - -9. Suppose 10*q - 15*q = -170. Let i(c) = 15*c**2 - q*c**2 + 12*c**2. Give i(m).
-7
Suppose -35*r + 1344 = -7*r. Suppose -5*c = -2*c + 147. Let y = c + r. Let b(s) = 5*s**2 - 2*s - 1. What is b(y)?
6
Let u(q) = 11*q**2 - 2*q + 2. Suppose -m - 836 = -3*d + 373, -2*d - 3*m + 806 = 0. Let h be (31/d)/((-1)/(-13)). Calculate u(h).
11
Let h = 6 + -3. Suppose -19 = h*c - 25. Let a(i) = -20*i**2 + i + 5*i + 12*i**2 - 6 + 7*i**c. What is a(6)?
-6
Let q(y) be the third derivative of y**6/120 + y**5/6 + 11*y**4/24 - 5*y**3/3 - 52*y**2 + 6. What is q(-9)?
-28
Suppose -2*t - 5*g - 1 = 4, -2*t + 4*g - 32 = 0. Let m be 4/10 + 5/(125/t). Let z(j) = -j + 5. Give z(m).
5
Let d = 68 - 63. Suppose -y = d*t + 8, 10 = -2*y - 2*t + 2. Let i be y/(-6)*7/(7/8). Let v(f) = f**3 - 4*f**2 - 2*f + 3. What is v(i)?
-5
Let d(v) = -v**2 - 7*v - 10. Let j be d(-4). Let m = 39 + -36. Let f(w) = w - m*w**2 + 2*w**3 + 3*w**3 - 56 - 3*w**3 + 54. Determine f(j).
4
Let j(x) = -x**2 + 14*x + 25. Suppose -2*v + a - 35 + 70 = 0, v + a = 22. Give j(v).
-70
Let t = -34252 - -34253. Let u(z) = 19*z + 13. What is u(t)?
32
Let g(s) = 2*s**2 + 35*s - 147. Let l be g(5). Let k = -1 + 1. Let u(t) = 71 - l - t + k*t. Give u(-6).
-1
Let y(j) = -13*j**2 - 10*j - 28. Let m(t) = -24*t**2 - 20*t - 52. Let q(k) = 6*m(k) - 11*y(k). What is q(0)?
-4
Let k(q) = -55*q + 13*q + 7*q**2 + 14*q + 8*q**2 - 1 + 17*q. Calculate k(-1).
25
Let t(x) = x**2 + 12*x - 11. Let u(q) = -110*q - 10. Let l be u(0). Determine t(l).
-31
Let o(j) = -7*j - 7. Let g(v) = 14*v + 428. Let q be g(-31). Give o(q).
35
Let s = 521 - 516. Let r(n) = 6 - 3 + s - n - 2. Determine r(4).
2
Let o(w) = 15 + 2*w - 2*w + 56 + 4*w. Let f be o(-10). Let k(p) = 6*p + f - 13 - 11. Calculate k(-5).
-23
Let k(y) = 18*y**3 - y**2 + 2*y - 1. Suppose 5*q = -3*i - 27, -q + 81 = 87. Calculate k(i).
18
Let c = 52 - 45. Suppose c*h = 30 + 12. Suppose 34*j + h = 32*j. Let a(k) = -5*k - 4. Determine a(j).
11
Let w(t) = -3*t**2. Let i be ((-2)/7)/(1/(-14)). Suppose -3*l + 2*z - 5 = 3, i*z = -3*l + 16. Suppose -4*b - 7 = -l*m - 3*m, -5*b + m - 6 = 0. Determine w(b).
-3
Suppose 2*h - 8 = 0, 4*h + h = -5*v - 10. Let c(z) = -z**3 + 5*z**2 - 5*z. Let d be c(4). Let i be 0/v*(0 + 2/d). Let j(f) = f**2 - 4. Give j(i).
-4
Let g(k) be the first derivative of -k**6/120 - k**5/120 + k**4/24 + 119*k**3/3 + 89. Let h(l) be the third derivative of g(l). Let q = 2 - 0. Give h(q).
-13
Let o be (30/(-4))/(291/388). Let s(t) = 5*t + 9. Give s(o).
-41
Let y(k) = -3*k**2 + 161*k + 61. Let z(q) = q**3 - 18*q**2 - 38*q + 415. Let g be z(19). Calculate y(g).
7
Let k(r) = -r**3 + 13*r**2 + 33*r - 42. Let y = 13341 - 13326. Determine k(y).
3
Let b(l) = l**2 + 6*l + 10. Let d be b(-4). Let a(s) = -6*s**3 - 2*s + 2*s**3 + 2*s**3 + s**3 + 2*s**2 - d. Let v = 174 - 172. Give a(v).
-6
Let w(d) be the third derivative of d**4/24 + 14*d**3/3 - 15163*d**2. What is w(-2)?
26
Let p(c) = -2*c**2 - 4*c - 4. Let x be (200/16)/25 - 10/(-4). Suppose 2*u = -5*j + 10, 5*u = 5*j - 48 + x. What is p(u)?
-34
Let n(i) = 3*i + 4. Let g(k) = -3*k - 12. Let r(z) = 4*g(z) + 11*n(z). Let o(h) = -30*h + 7. Let b(x) = -5*o(x) - 7*r(x). Calculate b(-6).
-25
Let v(w) = -w - 15. Let r(z) = -2*z**2 + 385*z + 383. Let u be r(-1). What is v(u)?
-11
Suppose -232*v = 100 + 472 + 124. Let h(w) = -3*w**2 - 3*w - 8. Determine h(v).
-26
Suppose -11*x = -19 + 8. Let d = -24 - -26. Let b(w) = -6*w**2 + w + w**2 + 3*w**2 - 3*w**d - 1. Determine b(x).
-5
Let a = -10328 + 10320. Let u(j) = -j**2 - 13*j - 4. Give u(a).
36
Let u(l) = l**2 + 3*l - 23. Let x(p) = 2*p**3 + 57*p**2 + 78*p - 81. Let f be x(-27). What is u(f)?
-23
Suppose 2*g - 3*g = -3*a + 125, -4*a + 5*g = -174. Let o = -8311 + 8346. Suppose -3*h = -a + o. Let r(t) = 2*t**3 + 